e third derivative of -17*f**4/12 - f**3/2 + f**2. What is the remainder when g(-2) is divided by 22?
21
Suppose 4*d - 5*l - 24 = -4*l, 22 = 2*d + 2*l. Let p(f) = -f**3 + 9*f**2 - 8*f - 1. What is the remainder when p(d) is divided by 11?
8
Let l = 9 + -3. Let d(w) = 3*w + 4 + 0*w + w. Calculate the remainder when d(3) is divided by l.
4
Let j(r) = r - 1. Let h be j(0). Let m = 10 - h. Let g(v) = -v - 3. What is the remainder when m is divided by g(-7)?
3
Calculate the remainder when 34 is divided by (0 - -4)*10/4.
4
Let m(p) be the third derivative of -p**5/60 + 13*p**4/24 - 7*p**3/6 + 7*p**2. Calculate the remainder when 17 is divided by m(12).
2
Let t(q) = q + 8. Let k = 2 - -5. Suppose -k = -3*b + 11. What is the remainder when 27 is divided by t(b)?
13
Suppose -28 - 2 = -v. Calculate the remainder when v is divided by 11.
8
Let q(f) = f**2 - 3*f - 3. Let v be q(3). Let l = 6 + v. What is the remainder when 4 is divided by l?
1
Let k(a) = -a**2 + 11*a + 21. What is the remainder when 97 is divided by k(6)?
46
Let n(g) = g**3 + 18*g**2 - 2*g + 24. Calculate the remainder when 172 is divided by n(-18).
52
Calculate the remainder when 2 - (-4 + -4 - -2) is divided by 4.
0
Calculate the remainder when 62 is divided by 98/6 - 2/6.
14
Suppose 0 = -2*q - 19 + 153. What is the remainder when q is divided by 26?
15
Let d(y) = -2*y + 3. Let v(f) = 6*f - 8. Let m(x) = -17*d(x) - 6*v(x). Let o be (6/4)/(1/(-4)). Calculate the remainder when 17 is divided by m(o).
8
What is the remainder when 2/8 - (-11)/(88/438) is divided by 16?
7
What is the remainder when 17 is divided by (20/25)/((-6)/(-10))*3?
1
What is the remainder when 54 is divided by 1 + (3 - 45/(-3))?
16
Let o(z) = -z**3 + 2*z**2 + 4*z + 3. Suppose 105 = 4*a + 25. What is the remainder when a is divided by o(-2)?
9
Let y(w) = -2*w - 7. Let p be y(-9). Let n = 10 + p. Let f(k) = -k + 3. What is the remainder when n is divided by f(-8)?
10
Let j = 48 + -45. What is the remainder when 10 is divided by j?
1
Let r be (2/(-4))/(2/(-160)). Suppose -4*j - j + 2*t + 63 = 0, 0 = 3*j + t - r. Let m = j - 4. What is the remainder when 25 is divided by m?
7
Let s(j) = -j**2 + 6*j - 1. Let d(i) = i + 6. Let o be d(0). Let q be s(o). Let y = q - -6. What is the remainder when 13 is divided by y?
3
Let q(z) = 11*z**3 - z**2 - z. Let c be q(-2). Let i = c - -134. Suppose -19 - 54 = -5*y - 2*o, -5*y + 77 = -2*o. What is the remainder when i is divided by y?
14
Let m(h) = h**2 + 2*h + 1. Calculate the remainder when 2/4*2 + 2 is divided by m(0).
0
Let x(u) = -u - 7. Let y be x(-4). Let f = 0 - y. Suppose -f*g = n - 109, -g + 2*n + 2*n = -58. What is the remainder when g is divided by 13?
12
Let h(n) be the first derivative of -n**3/3 + 7*n**2 - 5*n - 2. What is the remainder when h(9) is divided by 14?
12
Let l = 35 - 22. What is the remainder when 36 is divided by l?
10
Let x be ((-8)/(32/60))/(-1). Let j(o) = -o**2 + 17*o - 18. What is the remainder when j(x) is divided by 5?
2
Let k(w) = -w**3 + 13*w**2 - 3*w + 1. What is the remainder when k(12) is divided by 28?
25
Suppose 0 = 2*v + 2*s - 46, v + 0*s - 4*s = 43. Suppose 4*g + 3*b + 56 = -79, -3*g = -2*b + 97. Let q = g + 47. Calculate the remainder when v is divided by q.
13
Let x = 79 - 69. Calculate the remainder when 57 is divided by x.
7
Let i = 279 - 136. Let d = i + -236. What is the remainder when (-4)/6*d/2 is divided by 16?
15
What is the remainder when (-1 - 176/(-6)) + 2/3 is divided by 8?
5
Suppose 0 = -h + 4*h - 27. What is the remainder when h is divided by (14/2)/(-1)*(-54)/63?
3
Let z(j) = -j**3 - j**2 + 5*j + 3. Suppose 3 + 0 = -3*d. What is the remainder when 1/(((-3)/33)/d) is divided by z(-3)?
5
Let t = -3 + 5. Suppose -3*w - t = -w. What is the remainder when 15 is divided by (w + -2)*40/(-15)?
7
Let k(t) = 3*t + 2. Let x = 5541 - 2763. What is the remainder when x/90 + 6/45 is divided by k(2)?
7
Let z(g) = 2*g - 6. Let n be z(4). Suppose n*o = -2*o + 156. Calculate the remainder when o is divided by 14.
11
Let x(v) = 2*v**2 + 2*v - 6. Let o be x(-5). Let d = -23 + o. Calculate the remainder when 20 is divided by d.
9
Suppose 0 = -4*z + 55 + 37. Calculate the remainder when z is divided by 4.
3
Suppose -f - 2*f + 54 = 0. Calculate the remainder when 70 is divided by f.
16
Let q be 12/18 - 8/(-6). Suppose -4*f = -q*m + 34, -m + 2*f = 3*f - 26. What is the remainder when m is divided by 8?
7
Let i(o) = 4*o + 3. Calculate the remainder when -33*7/((-63)/12) is divided by i(3).
14
What is the remainder when 3/(3/48*3) is divided by 1 + 0 + (-10)/(-2)?
4
Let x(m) = m**3 + 6*m**2 - 9*m - 9. Calculate the remainder when x(-7) is divided by 4.
1
Suppose -5*z = 2*h - 63, 4*z - 51 = -2*h - 1. Calculate the remainder when 21 is divided by z.
8
Let b(z) = 3*z + 8. Let s be b(4). Suppose s = -2*o + 3*o. Calculate the remainder when 79 is divided by o.
19
Let g(w) = -w + 9. Let x be g(7). Let m = 15 - -19. Suppose -x*p + 46 = -m. What is the remainder when p is divided by 21?
19
Let f(y) = 3*y + 1. Let j be f(6). Suppose 11 = 5*a - j. What is the remainder when 1*((16 - -1) + 0) is divided by a?
5
Let q(a) = 21*a - 28*a + 8 - 6*a**2 - 2 + a**3 - 2*a**2. Suppose -10 = -5*d + 35. What is the remainder when q(9) is divided by d?
6
Suppose -4*r - 32 = 48. What is the remainder when ((-1)/1)/(2/r) is divided by (2/(-4))/((-2)/24)?
4
Suppose 2*f + 5*a = 53, 4*f - a + 49 = 6*f. Let k = 41 - f. What is the remainder when (-18)/(2/16*-3) is divided by k?
14
Suppose -2*l - 3*j - 11 = -l, 0 = -3*l - 3*j - 3. What is the remainder when 15 is divided by l?
3
Let j = -30 - -68. Suppose 0*r - r = -j. What is the remainder when r is divided by 13?
12
Suppose -3*t - 3*s + s = -19, 0 = -4*t - 4*s + 32. Suppose -3 + 0 = -t*k. What is the remainder when 5 is divided by k?
0
Let y(i) = 63*i + 1. Let q be y(1). Let l = 146 - q. Calculate the remainder when l is divided by 28.
26
Suppose -3*r = -5*x + 20 - 52, -4*r = -x - 54. Calculate the remainder when 60 is divided by r.
4
Let k(n) = 3*n**2 + 3*n - 38. Calculate the remainder when k(-9) is divided by 15.
13
Let i(h) = -h - 8. Let t be i(-12). Let v(f) = -f**3 + 4*f**2 + 3*f - 1. What is the remainder when 41 is divided by v(t)?
8
Let q be 6 - (0 - (-4 + 1)). Suppose -3*v = -2*v + q*c - 4, -6 = 3*c. What is the remainder when v is divided by 6?
4
Calculate the remainder when 16 is divided by 2/(-1) - 22/(-2).
7
Let a(z) = -42*z**3 + z**2 - 1. Let t be a(1). Let b be (-6)/(-4) - t/4. Suppose 0 = 4*f - 12 - b. What is the remainder when 11 is divided by f?
5
Suppose 5*x + 854 = 4*a + 289, -4*a = 4*x - 556. Suppose -3*h - 20 = -a. What is the remainder when h is divided by 14?
12
Let l be (-4)/(-10) + (-6)/15. Suppose l = 5*o - 22 - 48. What is the remainder when 54 is divided by o?
12
Let l = -15 + 97. Let f = -31 + 1. Let g = 58 + f. Calculate the remainder when l is divided by g.
26
Let o = 25 - 16. Let j(k) = -2*k + 64. Calculate the remainder when j(15) is divided by o.
7
Calculate the remainder when 21 is divided by (-4 + 25/5)*7.
0
Let y be (-1)/((5/4)/(-5)). Suppose -5*s + 4*n = -115, -2*s + 34 = y*n - 12. Suppose -s - 1 = -4*x. What is the remainder when 11 is divided by x?
5
Let m = 243 - 413. What is the remainder when ((-1)/2)/(5/m) is divided by 6?
5
Let i(b) = 2*b**2 + 6*b - 10. Calculate the remainder when i(-5) is divided by 6.
4
Suppose 3*v + 28 = 5*v. Let k(x) = -x + 20. Calculate the remainder when k(v) is divided by 3.
0
What is the remainder when (-1 - -1) + 2 - -22 is divided by 9?
6
Let m = 13 - 8. Calculate the remainder when 24 is divided by m.
4
Suppose 15*j = 22*j - 497. What is the remainder when j is divided by 36?
35
Let n(f) = -f**3 + 10*f**2 - 8*f - 5. Let s = 1 - -8. Let y(r) = r**2 + r - 1. Calculate the remainder when y(3) is divided by n(s).
3
Let a(y) = 4*y**2 + y - 1. Let s be a(1). Suppose s*m - 118 = 2*m. What is the remainder when m is divided by 15?
14
Suppose 0*t - 2*t - 26 = -2*v, 0 = 2*t + v + 29. Suppose 2*o = 6*o - 68. What is the remainder when t/(-3)*(-63)/(-6) is divided by o?
15
Suppose 0 = i + 6*j - 2*j - 14, -3*j = 3. Calculate the remainder when i is divided by 10.
8
Let f = -8 + 18. Suppose 4*v - 9 = 3. Suppose -2*l = -2*u + 38 + 50, -2*u + 63 = v*l. Calculate t